{"id":165,"date":"2020-06-07T08:33:48","date_gmt":"2020-06-07T06:33:48","guid":{"rendered":"http:\/\/www.nana-media.de\/WordPress\/?page_id=165"},"modified":"2024-10-11T13:46:50","modified_gmt":"2024-10-11T11:46:50","slug":"projekte","status":"publish","type":"page","link":"http:\/\/www.nana-media.de\/WordPress\/projekte\/","title":{"rendered":"projekte"},"content":{"rendered":"\n<p><strong>rumelaj<\/strong> metropolski cirkus orkestar<br><em>musicvideo 2020<\/em><br><em>editor<\/em> j\u00fcrgen heim\u00fcller<br><br>aus zuhause gedrehtem material der bandmitglieder w\u00e4hrend des  covid-19 shutdowns<\/p>\n\n\n\n<figure class=\"wp-block-embed is-type-video is-provider-youtube wp-block-embed-youtube wp-embed-aspect-16-9 wp-has-aspect-ratio\"><div class=\"wp-block-embed__wrapper\">\n<iframe loading=\"lazy\" title=\"Rumelaj \u2013 Metropolski Cirkus Orkestar\" width=\"660\" height=\"371\" src=\"https:\/\/www.youtube.com\/embed\/gvrBlQrdONA?feature=oembed\" frameborder=\"0\" allow=\"accelerometer; autoplay; clipboard-write; encrypted-media; gyroscope; picture-in-picture; web-share\" referrerpolicy=\"strict-origin-when-cross-origin\" allowfullscreen><\/iframe>\n<\/div><\/figure>\n\n\n\n<div style=\"height:100px\" aria-hidden=\"true\" class=\"wp-block-spacer\"><\/div>\n\n\n\n<p><strong>madame bovary \u2013 it\u2019s me too<\/strong> curtis &amp; co dance affairs<br><em>teaser f\u00fcr eine theater performance 2019<\/em><br><em>regie<\/em> susanna curtis<br><em>konzept und realisation<\/em> j\u00fcrgen heim\u00fcller<\/p>\n\n\n\n<p><iframe loading=\"lazy\" title=\"vimeo-player\" src=\"https:\/\/player.vimeo.com\/video\/426689424?h=92c6796451\" width=\"640\" height=\"360\" frameborder=\"0\" allowfullscreen=\"allowfullscreen\"><\/iframe><\/p>\n\n\n\n<div style=\"height:100px\" aria-hidden=\"true\" class=\"wp-block-spacer\"><\/div>\n\n\n\n<p><strong>dobro dosli<\/strong> metropolski cirkus orkestar<br><em>musicvideo 2018<\/em><br><em>regie und editor<\/em> j\u00fcrgen heim\u00fcller<br><br>zeitrafferaufnahmen, gedreht in kroatien, bosnien und deutschland<\/p>\n\n\n\n<figure class=\"wp-block-embed is-type-video is-provider-youtube wp-block-embed-youtube wp-embed-aspect-4-3 wp-has-aspect-ratio\"><div class=\"wp-block-embed__wrapper\">\n<iframe loading=\"lazy\" title=\"Dobro Dos\u030cli \u2013 Metropolski Cirkus Orkestar\" width=\"660\" height=\"495\" src=\"https:\/\/www.youtube.com\/embed\/2vpvC0NTBiU?feature=oembed\" frameborder=\"0\" allow=\"accelerometer; autoplay; clipboard-write; encrypted-media; gyroscope; picture-in-picture; web-share\" referrerpolicy=\"strict-origin-when-cross-origin\" allowfullscreen><\/iframe>\n<\/div><\/figure>\n","protected":false},"excerpt":{"rendered":"<p>rumelaj metropolski cirkus orkestarmusicvideo 2020editor j\u00fcrgen heim\u00fcller aus zuhause gedrehtem material der bandmitglieder w\u00e4hrend des covid-19 shutdowns madame bovary \u2013 it\u2019s me too curtis &amp; co dance affairsteaser f\u00fcr eine&hellip; <a class=\"excerpt-more-link\" href=\"http:\/\/www.nana-media.de\/WordPress\/projekte\/\">Weiterlesen<\/a><\/p>\n","protected":false},"author":1,"featured_media":0,"parent":0,"menu_order":0,"comment_status":"closed","ping_status":"closed","template":"","meta":{"_mc_calendar":[],"footnotes":""},"class_list":["post-165","page","type-page","status-publish","hentry"],"_links":{"self":[{"href":"http:\/\/www.nana-media.de\/WordPress\/wp-json\/wp\/v2\/pages\/165","targetHints":{"allow":["GET"]}}],"collection":[{"href":"http:\/\/www.nana-media.de\/WordPress\/wp-json\/wp\/v2\/pages"}],"about":[{"href":"http:\/\/www.nana-media.de\/WordPress\/wp-json\/wp\/v2\/types\/page"}],"author":[{"embeddable":true,"href":"http:\/\/www.nana-media.de\/WordPress\/wp-json\/wp\/v2\/users\/1"}],"replies":[{"embeddable":true,"href":"http:\/\/www.nana-media.de\/WordPress\/wp-json\/wp\/v2\/comments?post=165"}],"version-history":[{"count":16,"href":"http:\/\/www.nana-media.de\/WordPress\/wp-json\/wp\/v2\/pages\/165\/revisions"}],"predecessor-version":[{"id":667,"href":"http:\/\/www.nana-media.de\/WordPress\/wp-json\/wp\/v2\/pages\/165\/revisions\/667"}],"wp:attachment":[{"href":"http:\/\/www.nana-media.de\/WordPress\/wp-json\/wp\/v2\/media?parent=165"}],"curies":[{"name":"wp","href":"https:\/\/api.w.org\/{rel}","templated":true}]}}

<p><strong>rumelaj</strong> metropolski cirkus orkestar<br><em>musicvideo 2020</em><br><em>editor</em> jürgen heimüller<br><br>aus zuhause gedrehtem material der bandmitglieder während des  covid-19 shutdowns</p>



<figure class="wp-block-embed is-type-video is-provider-youtube wp-block-embed-youtube wp-embed-aspect-16-9 wp-has-aspect-ratio"><div class="wp-block-embed__wrapper">
<iframe loading="lazy" title="Rumelaj – Metropolski Cirkus Orkestar" width="660" height="371" src="https://www.youtube.com/embed/gvrBlQrdONA?feature=oembed" frameborder="0" allow="accelerometer; autoplay; clipboard-write; encrypted-media; gyroscope; picture-in-picture; web-share" referrerpolicy="strict-origin-when-cross-origin" allowfullscreen></iframe>
</div></figure>



<div style="height:100px" aria-hidden="true" class="wp-block-spacer"></div>



<p><strong>madame bovary – it’s me too</strong> curtis &amp; co dance affairs<br><em>teaser für eine theater performance 2019</em><br><em>regie</em> susanna curtis<br><em>konzept und realisation</em> jürgen heimüller</p>



<p><iframe loading="lazy" title="vimeo-player" src="https://player.vimeo.com/video/426689424?h=92c6796451" width="640" height="360" frameborder="0" allowfullscreen="allowfullscreen"></iframe></p>



<div style="height:100px" aria-hidden="true" class="wp-block-spacer"></div>



<p><strong>dobro dosli</strong> metropolski cirkus orkestar<br><em>musicvideo 2018</em><br><em>regie und editor</em> jürgen heimüller<br><br>zeitrafferaufnahmen, gedreht in kroatien, bosnien und deutschland</p>



<figure class="wp-block-embed is-type-video is-provider-youtube wp-block-embed-youtube wp-embed-aspect-4-3 wp-has-aspect-ratio"><div class="wp-block-embed__wrapper">
<iframe loading="lazy" title="Dobro Došli – Metropolski Cirkus Orkestar" width="660" height="495" src="https://www.youtube.com/embed/2vpvC0NTBiU?feature=oembed" frameborder="0" allow="accelerometer; autoplay; clipboard-write; encrypted-media; gyroscope; picture-in-picture; web-share" referrerpolicy="strict-origin-when-cross-origin" allowfullscreen></iframe>
</div></figure>

<p>rumelaj metropolski cirkus orkestarmusicvideo 2020editor jürgen heimüller aus zuhause gedrehtem material der bandmitglieder während des covid-19 shutdowns madame bovary – it’s me too curtis &amp; co dance affairsteaser für eine&hellip; <a class="excerpt-more-link" href="http://www.nana-media.de/WordPress/projekte/">Weiterlesen</a></p>
